 i = -5 - -1. Let x be (1/2)/(i/(-224)). Calculate the greatest common divisor of 84 and x.
28
Suppose -v - 1 = -5*d, -4*v + d - 3 = 1. Let h be 11 + -8 + 1 + v. Calculate the greatest common divisor of h and 21.
3
Let u(h) = -12*h - h**3 - 2 + 6*h - 2*h**2 + 5*h + 0*h**3. Let g be u(-2). Suppose g = -z + 3*z - 180. Calculate the highest common factor of z and 36.
18
Suppose -k + w = 25 - 142, -20 = -4*w. Let h(l) = 1 - 1 + k*l - 50*l. Let s be h(1). Calculate the highest common divisor of 8 and s.
8
Suppose 2*z - 211 = r + 367, -3*z + 3*r = -867. Calculate the highest common factor of 68 and z.
17
Let o be (-8)/6*1/(-2)*3. Suppose -4*b - o + 44 = 2*q, 2*q - 2*b = 54. Calculate the highest common factor of q and 75.
25
Suppose 260 = 6329*f - 6316*f. Calculate the greatest common factor of f and 5.
5
Let f = 34 + -10. Let h = f + -12. Calculate the highest common factor of 96 and h.
12
Let q(o) = -4 + 4 + 2*o**2 + o - 3. Let x be q(-6). Let j(c) = -c**3 - 2*c**2 + 11*c + 19. Let d be j(-4). What is the highest common divisor of d and x?
7
Let n = -38 + 130. What is the greatest common factor of n and 161?
23
Let n = -832 + 836. What is the greatest common factor of n and 50?
2
Let m(u) = 6*u**2 + 34*u - 63. Let o be m(2). What is the highest common divisor of 493 and o?
29
Suppose 5*i = 4*r - 235, 2*r - i = -31 + 156. Suppose -24*v + 51*v - 702 = 0. Calculate the greatest common divisor of r and v.
13
Suppose 577 = 22*n - 1733. What is the highest common factor of n and 45?
15
Let z(o) be the second derivative of o**4/12 - 5*o**3/6 + 18*o. Let i be z(-4). Calculate the highest common factor of 18 and i.
18
Let m(v) = 4*v**3 - 3*v**2 + 4*v - 5. Let j be m(3). Suppose 38*p = 40*p - j. What is the highest common factor of p and 4?
4
Let p = -70 + 187. Let t(j) = j**2 + 149*j + 589. Let u be t(-4). Calculate the greatest common factor of u and p.
9
Let s(j) = 8*j. Let h be s(0). Suppose -4*m - b = 3*b - 156, 2*m - 4*b - 108 = h. What is the highest common factor of 11 and m?
11
Let u(k) = k**3 + 19*k**2 - 21*k + 130. Let t be u(-20). Suppose 0*v + 2*v = 60. Calculate the greatest common divisor of t and v.
30
Suppose 0 = -4*h - 2*q + 314, -5*q = h - 45 - 20. Suppose 18 = -3*o - 5*n + 50, 5*o - 5*n - h = 0. Calculate the greatest common divisor of o and 14.
14
Suppose -9*o = 1 - 73. Let a = 52 - 20. Calculate the greatest common divisor of o and a.
8
Let g(w) be the first derivative of -27*w**2/2 - 27*w + 13. Let v be g(-11). Calculate the highest common divisor of v and 30.
30
Let m be 1*-6 + (-20)/(-10). Let z be 4 + m + (-1)/(-1). What is the greatest common factor of 7 and z?
1
Suppose -6 = -2*f - 2*y, 4 = -3*y - 8. Let u(o) = o - 3. Let m be u(8). Suppose m*z - 368 = -53. What is the highest common factor of f and z?
7
Let j(p) = p**3 + 13*p**2 + 16*p. Suppose 27 = -4*w - 17. Let a be j(w). What is the highest common divisor of a and 6?
6
Let i = -31 + 53. Suppose -5*h - 360 = 100*f - 105*f, -2*f + 159 = h. Calculate the greatest common divisor of f and i.
11
Let x = -34 - -48. Calculate the highest common factor of x and 28.
14
Suppose 3*q + k - 60 = -q, -2*q - 3*k + 20 = 0. Suppose 0 = x - 2*x - 3*s + 21, 5*s + 29 = x. What is the highest common factor of q and x?
8
Suppose -5*r + 3*s + 438 = 0, s + 25 + 241 = 3*r. Calculate the highest common factor of r and 270.
90
Let v = -30 + 40. Suppose -10 = -8*x + 6*x. What is the highest common factor of v and x?
5
Suppose 5*t = 3*m - 3, 5*m + t + 3*t - 42 = 0. Calculate the greatest common factor of 18 and m.
6
Let k(b) = 5*b + 7. Let v(s) = -3*s - 3. Let m(j) = 4*k(j) + 10*v(j). Let z be m(-1). What is the highest common factor of 40 and z?
8
Suppose b - 5*r = 5*b - 8, b - 3 = -r. Suppose 5*s - 3*d = 69, -3*d + 7*d = s - b. What is the highest common divisor of s and 30?
15
Let a(z) = -8*z - 5 + z**2 - 3*z + 7*z. Let o be a(6). What is the greatest common factor of 14 and o?
7
Let c be 1/((-1)/(-118 - 3)). Suppose 5*v = 2*x - c, -v = -x + 3*v + 56. What is the highest common divisor of 17 and x?
17
Suppose -5*p = 2*h - 8, -h + 2*p = -0*h - 13. Suppose 16*f - 140 = h*f. Let a = 2 + 0. Calculate the greatest common factor of a and f.
2
Let j be 8/(16/7)*2. What is the greatest common factor of 1 and j?
1
Let v be (-1 + -1)/(3 + 98/(-34)). Let a(x) = 2*x + 43. Let p be a(v). Calculate the greatest common divisor of p and 99.
9
Suppose -2*h - 9 = 3*o + 114, 3*o + 111 = 2*h. Let j = 65 + o. What is the highest common divisor of 13 and j?
13
Let l(m) = -3*m**3 - m. Let t be l(-1). Suppose 29 = -6*i + 53. Calculate the greatest common divisor of t and i.
4
Let l be 61 + -9 + (14 - 9). Calculate the greatest common divisor of 361 and l.
19
Let a = 0 + 4. Suppose -3*d = -3*y - 21, 3 + 1 = 2*d + 3*y. Suppose -3*b - 2*n + 50 = 0, 77 = d*b - 3*n - 0*n. What is the highest common factor of a and b?
4
Suppose 3*v - 19 = -5*t + 2*v, -4*t + 32 = 5*v. Let w be (0 - -64) + -7 + t + 5. Calculate the highest common factor of w and 13.
13
Suppose 2*s = 5*n + 892, 2199 = 5*s + 5*n - 2*n. Let p = s + -273. What is the highest common factor of p and 42?
42
Let i = -457 - -742. Suppose f - 3*r - 66 = r, 5*r = -4*f + i. What is the highest common divisor of f and 10?
10
Let j = -11 - -11. Let p be (20 - -4 - j) + -3. Let m(h) = -h**3 + 13*h**2 - 5*h - 21. Let f be m(12). Calculate the highest common divisor of p and f.
21
Let b = 147 - 134. Let j be 8 + 0 - (0 - 1). Let z = b - j. What is the greatest common factor of 44 and z?
4
Let g be (2*1)/(4/26). Let u = 55 - 57. Let f be (-34)/17 - (-67)/(-2)*u. Calculate the highest common factor of g and f.
13
Let z(m) = -m**3 + 5*m**2 - 3*m - 2. Let l be z(4). Suppose 2*x - 76 = -l*x. Let h be x + 0 - (11 + -7). What is the greatest common factor of h and 6?
3
Let z = 99 - 45. What is the greatest common factor of 486 and z?
54
Suppose 4*z - 199 = 725. Let b be (4*(-3)/(-16))/((-2)/(-88)). What is the highest common divisor of b and z?
33
Let i be -4*(2 - 10/8). Let z(f) = -f**2 - f + 2. Let q be z(i). Let n = q + 30. What is the highest common factor of 13 and n?
13
Suppose 0 = 3*f + 9, m + 14 = -f - 3*f. Let c be 22 - m/(8/4). Calculate the highest common factor of c and 161.
23
Let l be (-14)/(-7)*6/2. Let k(b) = b**3 - 6*b**2 + 6. Let f be k(l). Let a be (f/(-4))/((-12)/104). Calculate the greatest common divisor of a and 143.
13
Let p = -8 - -22. Let a = 15 + -14. Let j be 14/(a + (-3)/6). Calculate the highest common factor of j and p.
14
Let l = 6 + 5. Let f be (22/3)/((-8)/(-12)). Calculate the highest common divisor of f and l.
11
Let k(i) = -77*i - 108. Let l be k(-12). What is the greatest common factor of 51 and l?
51
Let s = -64 + 217. Calculate the highest common divisor of 17 and s.
17
Let l(x) = 1432*x**2 + 22*x - 4. Let j be l(1). Calculate the highest common factor of j and 174.
58
Let j be -3 + (6/5)/(1/30). Suppose -3*h + 0*o = -2*o - 9, -4*o = -3*h + 9. Calculate the greatest common factor of h and j.
3
Suppose -b - 3*n = 32, 0*b - 5*b - 212 = 2*n. Let t be b/12*-6 - -2. Calculate the greatest common divisor of 264 and t.
24
Suppose 4*m = -3*i + 2*m + 41, -2*i + m + 32 = 0. Let a(r) = -r**2 + 15*r + 3. Let t be a(i). What is the highest common factor of 3 and t?
3
Let n be 4/(5/(175/10)). Let g(a) = a**3 - 14*a**2 + 6*a + 4. Let s be g(n). What is the highest common divisor of 8 and s?
8
Let b be -2 + (-3)/9 + (-343)/(-3). Suppose -52 = -4*l + 2*l. Let r = l - 10. Calculate the greatest common divisor of r and b.
16
Let m(y) = -y**2 + 10*y + 21. Suppose 0 = -c + 5*c - 104. Let r = c - 17. Let f be m(r). Calculate the highest common factor of 270 and f.
30
Let q(a) = -a**3 - 14*a**2 - 14*a - 27. Let s be q(-13). Let m be (216/14)/(s/(-147)). Calculate the greatest common divisor of m and 36.
18
Suppose 3*t - 39 = -2*l, -9*l + 4*l + 55 = -t. Let p = 20 - l. Let x(d) = d**2 - 5*d + 14. Let i be x(10). What is the highest common factor of i and p?
8
Let f(i) = i**2 - 6*i. Let p be f(5). Suppose 0 = -7*a + 13 - 223. Let l be a*(p/(-2))/(-5). Calculate the greatest common factor of 3 and l.
3
Let l be (2 + 4)*1/2. Suppose l*c + 10 = 1. Let y be 14 + c - (-3 + 4). What is the highest common divisor of 50 and y?
10
Suppose -5*l + 144 = 2*z, 0 = -0*l - 5*l + 10. W